{"version":"1.0","provider_name":"Gemeinde Randa","provider_url":"https:\/\/www.randa.ch\/fr\/","author_name":"Gemeinde Randa","author_url":"https:\/\/www.randa.ch\/fr\/author\/gemeinde_randa\/","title":"Ischers Team - Gemeinde Randa","type":"rich","width":600,"height":338,"html":"<blockquote class=\"wp-embedded-content\" data-secret=\"d4I4AUObWm\"><a href=\"https:\/\/www.randa.ch\/fr\/vereine\/ischers-team\/\">Ischers Team<\/a><\/blockquote><iframe sandbox=\"allow-scripts\" security=\"restricted\" src=\"https:\/\/www.randa.ch\/fr\/vereine\/ischers-team\/embed\/#?secret=d4I4AUObWm\" width=\"600\" height=\"338\" title=\"\u00ab\u00a0Ischers Team\u00a0\u00bb &#8212; Gemeinde Randa\" data-secret=\"d4I4AUObWm\" frameborder=\"0\" marginwidth=\"0\" marginheight=\"0\" scrolling=\"no\" class=\"wp-embedded-content\"><\/iframe><script>\n\/*! This file is auto-generated *\/\n!function(d,l){\"use strict\";l.querySelector&&d.addEventListener&&\"undefined\"!=typeof URL&&(d.wp=d.wp||{},d.wp.receiveEmbedMessage||(d.wp.receiveEmbedMessage=function(e){var t=e.data;if((t||t.secret||t.message||t.value)&&!\/[^a-zA-Z0-9]\/.test(t.secret)){for(var s,r,n,a=l.querySelectorAll('iframe[data-secret=\"'+t.secret+'\"]'),o=l.querySelectorAll('blockquote[data-secret=\"'+t.secret+'\"]'),c=new RegExp(\"^https?:$\",\"i\"),i=0;i<o.length;i++)o[i].style.display=\"none\";for(i=0;i<a.length;i++)s=a[i],e.source===s.contentWindow&&(s.removeAttribute(\"style\"),\"height\"===t.message?(1e3<(r=parseInt(t.value,10))?r=1e3:~~r<200&&(r=200),s.height=r):\"link\"===t.message&&(r=new URL(s.getAttribute(\"src\")),n=new URL(t.value),c.test(n.protocol))&&n.host===r.host&&l.activeElement===s&&(d.top.location.href=t.value))}},d.addEventListener(\"message\",d.wp.receiveEmbedMessage,!1),l.addEventListener(\"DOMContentLoaded\",function(){for(var e,t,s=l.querySelectorAll(\"iframe.wp-embedded-content\"),r=0;r<s.length;r++)(t=(e=s[r]).getAttribute(\"data-secret\"))||(t=Math.random().toString(36).substring(2,12),e.src+=\"#?secret=\"+t,e.setAttribute(\"data-secret\",t)),e.contentWindow.postMessage({message:\"ready\",secret:t},\"*\")},!1)))}(window,document);\n\/\/# sourceURL=https:\/\/www.randa.ch\/wp-includes\/js\/wp-embed.min.js\n<\/script>\n","description":"\u00ab\u00a0Ischers Team\u00a0\u00bb ist eine Gruppe Jugendlicher Freiwilliger aus Randa. Wir organisieren in unserer Freizeit verschiedenste Anl\u00e4sse f\u00fcr die Primarsch\u00fcler aus T\u00e4sch und Randa. Kontakt Leitung Leiter Jungleiter Jugendarbeiterin Aufdenblatten Mara Ballmann Bianca (gelegentlich an Anl\u00e4ssen) Brantschen Amber Brantschen Jana Brantschen Ladina Brantschen Maike Brantschen Samira Brantschen Sarah Dupertuis Nicole Gertschen Deborah Kuster Andrea Morais Maltez [&hellip;]","thumbnail_url":"https:\/\/www.randa.ch\/wp-content\/uploads\/2015\/06\/logo_q.jpg","thumbnail_width":250,"thumbnail_height":250}

« Ischers Team » ist eine Gruppe Jugendlicher Freiwilliger aus Randa. Wir organisieren in unserer Freizeit verschiedenste Anlässe für die Primarschüler aus Täsch und Randa. Kontakt Leitung Leiter Jungleiter Jugendarbeiterin Aufdenblatten Mara Ballmann Bianca (gelegentlich an Anlässen) Brantschen Amber Brantschen Jana Brantschen Ladina Brantschen Maike Brantschen Samira Brantschen Sarah Dupertuis Nicole Gertschen Deborah Kuster Andrea Morais Maltez [&hellip;]
